ulate the highest common divisor of 8428175 and 80325.
2975
What is the highest common divisor of 9320160 and 18?
6
What is the highest common divisor of 2629937 and 4868?
1217
Calculate the highest common divisor of 3886 and 778272.
134
What is the greatest common divisor of 30927925 and 155000?
775
What is the greatest common factor of 2668 and 4388?
4
What is the highest common divisor of 28496 and 15058492?
548
Calculate the highest common factor of 5848 and 6344392.
344
What is the greatest common divisor of 8446718 and 16807?
2401
Calculate the greatest common divisor of 4446 and 381303.
117
What is the highest common divisor of 7566 and 1014221?
13
Calculate the greatest common divisor of 5929 and 607453.
539
Calculate the highest common factor of 8448153 and 15.
3
What is the greatest common divisor of 16791 and 276376?
193
What is the highest common factor of 3267 and 7681080?
363
What is the highest common factor of 5304 and 9680736?
312
What is the greatest common divisor of 195577759 and 208?
13
What is the highest common divisor of 950 and 2043602?
38
Calculate the greatest common divisor of 57172326 and 7548.
3774
Calculate the greatest common divisor of 42 and 1809416.
14
Calculate the greatest common factor of 5183 and 2969275.
73
Calculate the highest common factor of 96 and 125798856.
24
Calculate the greatest common divisor of 216 and 835137.
27
What is the greatest common divisor of 20738316 and 12?
12
Calculate the highest common divisor of 1506798 and 102432.
582
Calculate the greatest common factor of 24813366 and 92.
46
Calculate the highest common factor of 10683112 and 1168.
584
Calculate the greatest common divisor of 4 and 11961647.
1
Calculate the highest common divisor of 3794869056 and 48.
48
What is the greatest common factor of 31304 and 10213?
7
Calculate the highest common divisor of 62495 and 77149.
431
Calculate the greatest common divisor of 26870 and 3750.
10
What is the highest common factor of 310 and 468642965?
155
What is the greatest common factor of 64086 and 2580918?
5826
Calculate the highest common factor of 305057 and 5733361.
2851
What is the greatest common divisor of 2043 and 57820986?
2043
What is the greatest common divisor of 1438635 and 3?
3
Calculate the greatest common factor of 6510 and 8532750.
930
What is the greatest common factor of 938 and 18548?
2
What is the highest common factor of 138 and 85106946?
138
What is the highest common divisor of 3518157 and 211161?
3579
Calculate the greatest common factor of 3583240 and 3770.
290
Calculate the greatest common factor of 55119 and 239457.
57
What is the highest common divisor of 20775 and 104100?
75
What is the highest common factor of 62426 and 493129?
91
What is the highest common divisor of 1440 and 292860?
180
What is the highest common factor of 8213 and 34612256?
191
Calculate the greatest common divisor of 1849 and 1081880.
43
Calculate the greatest common divisor of 17000 and 46760200.
3400
What is the greatest common factor of 481799 and 2910?
97
Calculate the highest common divisor of 16570 and 18230.
10
What is the greatest common divisor of 2580435 and 10257?
39
What is the highest common factor of 4750 and 195301?
19
Calculate the greatest common divisor of 91 and 25854101.
91
What is the highest common factor of 6226 and 35266?
22
Calculate the highest common divisor of 152 and 3422413.
19
Calculate the highest common factor of 138 and 434586.
6
What is the greatest common divisor of 99 and 12554553?
33
Calculate the highest common factor of 113519046 and 12.
6
What is the highest common divisor of 192 and 120853716?
12
Calculate the highest common factor of 19839328 and 48.
16
Calculate the greatest common divisor of 84 and 108800328.
84
What is the highest common divisor of 110212 and 896640?
1868
Calculate the greatest common factor of 222732743 and 22353.
7451
What is the highest common divisor of 30956 and 770194?
218
Calculate the greatest common divisor of 1204 and 222392044.
1204
Calculate the highest common factor of 2075881208 and 1528.
1528
Calculate the greatest common divisor of 1289254 and 244394.
178
Calculate the greatest common divisor of 2006742 and 618.
6
Calculate the highest common divisor of 31753 and 561719.
281
Calculate the greatest common divisor of 100920 and 91263.
87
Calculate the highest common factor of 4179156 and 52788.
636
Calculate the highest common factor of 686 and 3594983.
343
Calculate the greatest common divisor of 485526 and 122436.
114
What is the greatest common divisor of 8759 and 15713?
19
Calculate the greatest common factor of 5700 and 276163100.
1900
What is the highest common divisor of 721060970 and 294?
98
Calculate the greatest common divisor of 1440 and 14706816.
96
Calculate the greatest common factor of 1547195 and 338.
169
What is the highest common divisor of 8380323 and 3678?
1839
What is the highest common factor of 2033675 and 1?
1
What is the highest common divisor of 5038173 and 966?
483
Calculate the highest common factor of 80 and 1244872.
8
Calculate the greatest common divisor of 17673 and 2125692.
411
What is the highest common factor of 2326 and 500213278?
2326
What is the highest common factor of 41040 and 59883440?
1520
What is the highest common factor of 60192 and 33576?
24
Calculate the highest common factor of 249750 and 161246000.
9250
Calculate the greatest common divisor of 1357883046 and 52.
26
What is the greatest common factor of 120 and 3870444?
12
Calculate the highest common divisor of 30317 and 387163.
497
Calculate the highest common divisor of 1876518080 and 29.
29
What is the highest common factor of 27297 and 1377?
81
Calculate the highest common factor of 17930 and 292969028.
3586
What is the greatest common divisor of 259341 and 439807?
631
Calculate the greatest common divisor of 18368 and 1112512.
64
Calculate the greatest common factor of 26 and 200566197.
13
Calculate the highest common divisor of 1135661 and 46939.
73
What is the greatest common divisor of 140 and 1722875?
35
Calculate the greatest common divisor of 3132415 and 165.
55
What is the highest common divisor of 31133 and 1062724?
191
Calculate the greatest common factor of 1451919 and 487791.
249
What is the greatest common factor of 1578875 and 21250?
2125
What is the greatest common divisor of 4602 and 35497114?
118
Calculate the highest common factor of 190074024 and 5244.
5244
Calculate the highest common factor of 104957225 and 5.
5
Calculate the highest common divisor of 174 and 7297584.
6
Calculate the greatest common divisor of 190 and 207971226.
38
Calculate the greatest common factor of 138 and 256241896.
46
Calculate the greatest common factor of 12230 and 126377482.
2446
What is the highest common divisor of 6897936 and 148095?
3291
Calculate the greatest common divisor of 199 and 61229713.
199
Calculate the highest common divisor of 168 and 40861372.
4
What is the greatest common factor of 16 and 311839816?
8
What is the highest common divisor of 291478 and 1760?
22
Calculate the highest common divisor of 813 and 30009456.
813
What is the highest common factor of 48009 and 4029063?
3693
What is the highest common factor of 253 and 70322983?
23
Calculate the highest common factor of 2030897233 and 118.
59
Calculate the highest common divisor of 83752 and 47560.
232
What is the greatest common factor of 54 and 20344095?
27
Calculate the highest common divisor of 70 and 3117325.
5
What is the highest common divisor of 67586411 and 86?
43
What is the highest common factor of 2830436 and 10976?
1372
What is the greatest common divisor of 5466960 and 480?
240
Calculate the highest common factor of 1678757928 and 48.
24
What is the highest common factor of 20038993 and 39?
13
Calculate the greatest common factor of 5652173 and 1687.
241
What is the greatest common factor of 231748 and 5027?
11
Calculate the highest common factor of 736 and 47499485.
23
What is the highest common factor of 310 and 1792195560?
310
Calculate the highest common divisor of 3888 and 316068.
12
What is the greatest common divisor of 27521920 and 384?
128
Calculate the highest common factor of 268 and 17714264.
268
Calculate the highest common divisor of 3953463 and 9804.
2451
